*7*14?
56629
Suppose -49*j = -147 - 490. Let d(b) = -b**2 + 6*b + 1. Let a be d(4). Suppose -j*n = -a*n - 264. What are the prime factors of n?
2, 3, 11
Let p(w) be the second derivative of w**4/12 - 7*w**3/3 - 44*w**2 + 2*w + 5. What are the prime factors of p(-10)?
2, 19
Suppose 4*o = 3*o - 5*w - 679, -5*o - 3303 = 2*w. What are the prime factors of 7 + (7 - o) + 2?
3, 5
Let s be (-2)/18 - 25/(-225) - 0. Suppose 39*m - 64099 - 758 = s. List the prime factors of m.
1663
Let i = 25 - 21. Suppose 309 = -i*l - 375. Let x = l - -320. What are the prime factors of x?
149
What are the prime factors of 3 + 13 + -3 + (240 - 5)?
2, 31
Suppose -c = 3*a - 1, 2*a = -2*c - 3*a + 3. Let q(r) = -4*r + 21. Let g(m) = -13*m + 61. Let z(k) = -6*g(k) + 17*q(k). List the prime factors of z(c).
31
Suppose -4*b = 5*g - 1135, 3*b - 955 = g - 80. Let u = 356 - b. List the prime factors of u.
2, 3, 11
Suppose 5*c = 3*f - 293, 2*f - c - 139 = 54. Suppose 7*k = -k - f. What are the prime factors of -414*(8/k)/1?
2, 3, 23
Suppose -2*f + 4*w + 510 = -0*f, -4*w - 1000 = -4*f. Let u be (-1)/5 + 806/130. Suppose 1 = u*o - f. List the prime factors of o.
41
Suppose 5*w = -0*w + 2*a + 1557, 932 = 3*w + a. Let j be 408 - ((-36)/(-2) + 1). Suppose -7*r = -j - w. What are the prime factors of r?
2, 5
Let q(b) = 191*b - 3. Let n be q(3). Suppose -n = -4*g + 5*z + 975, 0 = -4*z - 4. Suppose -g - 92 = -3*r. List the prime factors of r.
3, 53
Let g(b) = b**3 - b**2 + b - 7. Suppose -10*j = -15*j. Let c be g(j). Let h = 10 - c. What are the prime factors of h?
17
Suppose 5*y + w - 63016 = 0, -23*y - 5*w + 12632 = -22*y. List the prime factors of y.
2, 6301
Let u = 13 + -13. Suppose u = -5*v - 0*v + 5. List the prime factors of 3 - (-44*v + 2).
3, 5
Let z(s) be the first derivative of -5*s**4 + s**3/3 - s**2/2 + 2*s + 8. List the prime factors of z(-2).
2, 3, 7
Suppose -46*h + 778 = -47*h. What are the prime factors of (5/(-5))/(-1 - 776/h)?
389
Suppose 0 = 24*x - 25*x + 188. Suppose 4*b + 2 + 95 = -n, 2*n = -5*b - x. Let f = n - -259. List the prime factors of f.
2, 5, 17
Let t be 80/30 - (-1)/3. Suppose 0 = 5*m + t*g + 219 - 16, 2*m + g = -82. Let x = 47 + m. What are the prime factors of x?
2
Suppose -474702 = -29*s + 342054. What are the prime factors of s?
2, 3, 2347
Let q be 2 + -145 + (-54)/(-9). Let m = q - -1157. What are the prime factors of m?
2, 3, 5, 17
Let n = 23268 + -12603. List the prime factors of n/75 - (-3)/(-15).
2, 71
Let o = -2534 - -7584. What are the prime factors of o?
2, 5, 101
Suppose -11*w + 16*w - 1765 = 0. Let c = -137 + w. Let z = 403 - c. List the prime factors of z.
11, 17
Let l = -69417 + 98410. What are the prime factors of l?
79, 367
Let w be (-2 + 4)*2/1. Suppose 6*j = w*j - 5*h + 1202, -4*h = 3*j - 1810. Suppose -2*z = -t + 281, -817 = -5*t + z + j. What are the prime factors of t?
3, 5, 19
Suppose -4*y - 1431 = -3*a, 0 = -4*y - 5*a - 1974 + 551. Let j = -159 - y. What are the prime factors of j?
2, 3, 11
Let z(v) = -2*v**3 - 33*v**2 + 28*v + 22. Let n be z(-25). What are the prime factors of 12/(-66) - n/(-77)?
3, 43
Let k(j) = 3*j**3 + 13*j - 12*j**3 + 3*j**3 + j**3 + 5*j**2 - 1. List the prime factors of k(-3).
2, 5, 7
Let c = 105 - 122. Let i(w) = -w**3 - 17*w**2 - 21*w - 10. Let z be i(c). Let d = -119 + z. List the prime factors of d.
2, 3, 19
Let t = 34951 - 33301. What are the prime factors of t?
2, 3, 5, 11
Suppose 0 = -6*t + 14*t + 1760. Let x = 362 + t. List the prime factors of x.
2, 71
Let s(u) = -7579*u - 118. List the prime factors of s(-3).
22619
Let m = -60 + 52. Let z be (3 - 68/12)/(m/60). Suppose 5*r = z, 5*o - r = 108 + 298. What are the prime factors of o?
2, 41
Let r(h) = 8*h + 54. Let a be r(-6). Suppose -a*j + 700 = -752. List the prime factors of j.
2, 11
Let y(w) be the first derivative of -10*w + w**3 - 36 + 13/2*w**2. List the prime factors of y(-8).
2, 3, 13
Let n be (-900)/28 - (-1)/7. Let x = n + 37. Suppose 126 = x*s - 94. List the prime factors of s.
2, 11
Let j be ((-8)/10)/(4/(-10)). Suppose 798 = l + 5*q, j*l + 3*q - 910 = 707. What are the prime factors of l?
3, 271
Let w(g) = -g**3 + 12*g**2 + 16*g - 35. Let f be w(13). Let n(c) = 25*c - 6. List the prime factors of n(f).
2, 47
Suppose 8*n = 4877 + 2803. Let o = n - 954. What are the prime factors of o?
2, 3
Suppose 15 = 2*f + g - 2*g, 3*f - 40 = 5*g. Suppose 2*j = -3*t + 273 + 277, 5*t - f*j - 875 = 0. Let l = t - 88. What are the prime factors of l?
2, 23
Let f = 128710 + -75184. List the prime factors of f.
2, 3, 11, 811
Let m(t) = -524*t - 34. Let r be m(-1). Let c = r + -408. What are the prime factors of c?
2, 41
Suppose 8646 - 89 = 3*j - 2*y, -j + 3*y + 2843 = 0. Let l = -2019 + j. List the prime factors of l.
2, 11, 19
Let m = 9411 - 4902. List the prime factors of m.
3, 167
Let v(r) = -r**3 + r + 132. Let n(i) = 3*i**2 - 30*i. Let x be n(10). Suppose 0 = -x*f - 7*f. List the prime factors of v(f).
2, 3, 11
Suppose 3*b - 17 = -2. Suppose b*x = 10, -q - 978 = -5*q + x. Suppose 2*j - 13 = q. List the prime factors of j.
3, 43
Let u be -78 + (5 - 7) - -4. Let k = -136 - u. What are the prime factors of (38/8)/((k/(-64))/15)?
2, 19
Let l(x) = -7*x**3 - x - 2. Let k be l(-1). Suppose k*q = 5*m + 3*q - 1424, -5*m + 1427 = -4*q. Let w = m + -158. List the prime factors of w.
5
Let j be (-8 - -4 - 0) + -6. Let k = 14 + j. Suppose k*a - 829 + 81 = 0. List the prime factors of a.
11, 17
Let a = 27524 + -14880. What are the prime factors of a?
2, 29, 109
Suppose d - 2 = -0*d. Suppose 2*k + d*o = 8, 5*k + 3*o = -0*o + 16. List the prime factors of 5/(k + 3) + 6.
7
Let h(b) = 5*b**2 + 3*b + 6. Let y be h(-2). Suppose 94*s - y = 92*s. Suppose 0 = 14*q - 13*q - s. What are the prime factors of q?
2, 5
Let i(b) be the third derivative of -b**5/30 + b**4/6 + 7*b**3/6 + 2*b**2. Let p be i(-10). What are the prime factors of 54/(-36) - p/2?
5, 23
Let g be ((-39)/12 + 4)*16/6. List the prime factors of (-6)/(2/(-4)*(g + 4)).
2
Let k(u) = -1803*u**3 - 20*u - 20. Let o be k(-1). What are the prime factors of (o/(-9))/((30/(-6))/15)?
601
Suppose 4*y = -6*y + 920. Let t be 18/(-99) + y/22. What are the prime factors of -1 + 75/(((-18)/t)/(-3))?
7
What are the prime factors of (18 - 2)/(-2) - (-30505 - (-16 + 9))?
2, 5, 3049
Suppose 5*y - 100383 = 3*v, -196*y + 5*v + 60217 = -193*y. What are the prime factors of y?
3, 23, 97
Let t be (-2)/(-27) + 585055/2295. Suppose -39 = -a + t. What are the prime factors of a?
2, 3, 7
Let g(y) = y - 1. Let s be g(1). Let c(f) = f**2 + 5*f + 473. Let x be c(s). Suppose -461 = -2*m + w, 0*m + 3*w - x = -2*m. List the prime factors of m.
2, 29
What are the prime factors of (2841 - 72/3)/(2/12)?
2, 3, 313
Let s = 4520 + -1495. List the prime factors of s.
5, 11
Suppose -374 = -8*k + 106. Suppose -4*s - 5*q - 4 - k = 0, -4*s - 24 = -5*q. Let p(m) = m**3 + 10*m**2 - 14*m - 16. List the prime factors of p(s).
17
Let y = 20 + -59. Let q = -39 - y. List the prime factors of 2 - -82 - (2/1 - q).
2, 41
Suppose 45476 = -12*z + 16*z + 4*w, 5*z - 56872 = 4*w. What are the prime factors of z?
2, 2843
Suppose -5*t - 180 = -2*d, 2*t - d + 5*d = -72. List the prime factors of (t/(-60))/(3/1230).
2, 3, 41
Let w be 40236/112 - (6/8)/3. Let l = 579 - w. List the prime factors of l.
2, 5, 11
Let q(k) = 1578*k**2 + 5*k - 1. Let p be q(1). Suppose u = -0*h + 2*h - 634, -u = -5*h + p. Let x = 527 - h. List the prime factors of x.
211
Suppose 3*o = 320 - 1598. Suppose -15*b = -13*b - 1232. Let v = o + b. List the prime factors of v.
2, 5, 19
Suppose 123*d + 121*d - 4*d = 10470480. List the prime factors of d.
43627
Let m(o) = -9*o + 24. Let s(h) = -h**2. Let i(w) = m(w) + s(w). Let a(v) = -v**2 + v - 4. Let r be a(3). List the prime factors of i(r).
2, 7
Let v = 9 - 5. Let h = -29 + 35. Suppose -2*i + 34 = -v*q, 5*i - q + h*q = 100. What are the prime factors of i?
19
Let m(d) = 3*d**2 + 17*d + 2. Let x be m(18). What are the prime factors of x + (10 - -5)/5?
1283
Let u = 7448 + 7527. Suppose -1975 = -25*f + u. What are the prime factors of f?
2, 3, 113
Suppose 96930 + 42881 = 10*t - 234549. List the prime factors of t.
2, 7, 191
What are the prime factors of (4/(-6) - (-5115)/(-225))*(-1447 + -88)?
3, 13, 307
What are the prime factors of (-6)/(-8) + -3 + 2 